t is the greatest common divisor of 58 and 8323?
29
Calculate the greatest common factor of 213 and 22791.
213
Calculate the greatest common factor of 65 and 1235.
65
What is the greatest common factor of 27120 and 60?
60
Calculate the highest common factor of 334 and 4843.
167
Calculate the greatest common divisor of 13 and 3601.
13
Calculate the highest common divisor of 4158 and 88.
22
What is the greatest common divisor of 70 and 15650?
10
Calculate the highest common divisor of 2074 and 34.
34
What is the highest common divisor of 342 and 2934?
18
What is the greatest common factor of 242 and 13915?
121
What is the greatest common factor of 262 and 83054?
262
What is the highest common factor of 105 and 48?
3
What is the highest common factor of 66 and 198?
66
Calculate the greatest common factor of 290 and 1508.
58
Calculate the greatest common factor of 150 and 1130.
10
Calculate the highest common divisor of 3500 and 364.
28
Calculate the greatest common divisor of 429 and 33.
33
Calculate the highest common divisor of 17 and 5916.
17
Calculate the greatest common factor of 2064 and 96.
48
What is the highest common divisor of 231 and 168?
21
Calculate the highest common divisor of 6302 and 92.
46
What is the greatest common factor of 7 and 18613?
7
Calculate the greatest common divisor of 2118 and 102.
6
Calculate the greatest common divisor of 138 and 1794.
138
What is the greatest common factor of 114183 and 27?
27
What is the greatest common factor of 847 and 605?
121
Calculate the highest common divisor of 118 and 3.
1
Calculate the greatest common divisor of 112 and 1498.
14
What is the highest common factor of 42 and 798?
42
What is the greatest common divisor of 71 and 1349?
71
Calculate the greatest common divisor of 28 and 679.
7
Calculate the highest common factor of 13 and 13663.
13
What is the highest common factor of 15 and 6?
3
Calculate the highest common factor of 1495 and 130.
65
Calculate the greatest common factor of 34 and 5746.
34
Calculate the greatest common factor of 5481 and 1701.
189
What is the highest common divisor of 1105 and 255?
85
What is the greatest common factor of 37 and 148?
37
What is the greatest common divisor of 116 and 1972?
116
What is the greatest common factor of 8 and 1?
1
Calculate the greatest common divisor of 6 and 681.
3
Calculate the highest common factor of 2 and 21706.
2
Calculate the highest common factor of 144 and 32.
16
Calculate the highest common factor of 296 and 8.
8
Calculate the greatest common factor of 1018 and 4.
2
Calculate the greatest common divisor of 21 and 1043.
7
What is the highest common factor of 123 and 9?
3
Calculate the greatest common divisor of 22 and 5786.
22
What is the greatest common factor of 559 and 86?
43
What is the greatest common divisor of 16 and 480?
16
Calculate the highest common factor of 136 and 17.
17
What is the highest common factor of 90 and 8?
2
Calculate the highest common divisor of 51 and 1751.
17
What is the highest common divisor of 19 and 1501?
19
Calculate the highest common divisor of 228 and 96.
12
Calculate the greatest common divisor of 1270 and 70.
10
Calculate the highest common divisor of 200 and 25.
25
Calculate the highest common divisor of 80 and 140.
20
Calculate the highest common divisor of 175 and 35.
35
What is the greatest common factor of 12 and 150?
6
Calculate the highest common factor of 323 and 357.
17
Calculate the greatest common factor of 828 and 36.
36
What is the highest common factor of 36 and 6072?
12
What is the highest common factor of 154 and 44?
22
What is the highest common factor of 20 and 35?
5
What is the greatest common divisor of 58 and 11078?
58
Calculate the highest common factor of 3872 and 1232.
176
Calculate the greatest common divisor of 315 and 70.
35
What is the highest common divisor of 132 and 23892?
132
What is the greatest common factor of 107 and 1712?
107
What is the greatest common divisor of 55782 and 54?
54
What is the greatest common divisor of 18 and 8964?
18
What is the greatest common factor of 294 and 2534?
14
Calculate the highest common divisor of 22 and 11088.
22
What is the highest common factor of 1040 and 1352?
104
What is the greatest common divisor of 3 and 93?
3
Calculate the highest common divisor of 6231 and 201.
201
Calculate the highest common divisor of 64 and 64.
64
Calculate the greatest common divisor of 1431 and 27.
27
Calculate the greatest common factor of 24 and 51.
3
Calculate the highest common divisor of 75 and 1800.
75
What is the greatest common divisor of 46 and 46?
46
What is the highest common divisor of 9 and 81?
9
Calculate the greatest common factor of 6 and 2892.
6
Calculate the highest common divisor of 9882 and 18.
18
Calculate the highest common divisor of 259 and 407.
37
What is the greatest common factor of 1085 and 70?
35
Calculate the greatest common factor of 68 and 9894.
34
Calculate the highest common divisor of 209 and 38.
19
What is the highest common divisor of 36 and 16?
4
Calculate the greatest common divisor of 10 and 550.
10
Calculate the highest common divisor of 2275 and 161.
7
Calculate the highest common divisor of 20 and 260.
20
Calculate the greatest common factor of 1197 and 126.
63
Calculate the highest common factor of 31 and 62.
31
What is the greatest common factor of 1908 and 106?
106
What is the greatest common factor of 270 and 6642?
54
What is the greatest common divisor of 1962 and 2507?
109
What is the greatest common factor of 517 and 1175?
47
Calculate the highest common factor of 9715 and 2030.
145
Calculate the highest common divisor of 3619 and 376.
47
Calculate the greatest common factor of 7524 and 33.
33
What is the greatest common factor of 122 and 32818?
122
Calculate the highest common factor of 1530 and 629.
17
What is the greatest common factor of 22 and 2222?
22
Calculate the highest common divisor of 154 and 1.
1
Calculate the highest common divisor of 68 and 17.
17
Calculate the highest common factor of 16240 and 160.
80
What is the highest common divisor of 81 and 216?
27
Calculate the greatest common factor of 81998 and 14.
14
What is the highest common factor of 1581 and 93?
93
Calculate the highest common factor of 378 and 28.
14
Calculate the greatest common factor of 1512 and 4725.
189
What is the highest common factor of 1863 and 2?
1
Calculate the greatest common factor of 676 and 208.
52
What is the greatest common divisor of 252 and 28?
28
What is the greatest common factor of 713 and 92?
23
What is the highest common divisor of 264 and 3102?
66
What is the greatest common factor of 3133 and 13?
13
What is the greatest common factor of 488 and 61?
61
Calculate the highest common divisor of 52 and 585.
13
Calculate the highest common factor of 413 and 59.
59
What is the greatest common factor of 127 and 34925?
127
Calculate the greatest common factor of 2975 and 280.
35
What is the highest common divisor of 56 and 14?
14
What is the highest common factor of 6480 and 36?
36
What is the highest common divisor of 216 and 2430?
54
Calculate the greatest common divisor of 248 and 24.
8
What is the highest common factor of 15964 and 2149?
307
Calculate the greatest common divisor of 30 and 150.
30
What is the greatest common factor of 164 and 205?
41
Calculate the greatest common factor of 440 and 15620.
220
Calculate the greatest common factor of 8 and 2588.
4
What is the greatest common divisor of 78 and 84?
6
What is the highest common divisor of 15030 and 90?
90
What is the highest common factor of 830 and 17015?
415
Calculate the highest common divisor of 56 and 7.
7
Calculate the highest common factor of 40 and 5.
5
What is the highest common factor of 195 and 30?
15
Calculate the greatest common factor of 5 and 26980.
5
What is the greatest common divisor of 798 and 912?
114
What is the greatest common factor of 209 and 19?
19
What is the highest common factor of 2156 and 49?
49
What is the highest common factor of 169 and 299?
13
Calculate the highest common factor of 16 and 68.
4
Calculate the highest common factor of 10 and 790.
10
What is the greatest common factor of 69 and 69?
69
What is the greatest common factor of 48 and 456?
24
Calculate the highest common divi